d s?
28
Let t = 30 - -50. Let k = 150 - t. What is the highest common factor of k and 10?
10
Let b(g) be the second derivative of -g**4/12 - g**3/6 + 8*g**2 - 3*g + 2. Let l be b(-4). What is the greatest common factor of 64 and l?
4
Let u(k) = -k**3 + 19*k**2 + 29*k - 10. Let s be u(20). What is the greatest common divisor of s and 136?
34
Let c = -32 + 34. Suppose 435 = 5*y + 5*a, c*y - 3*a - 190 = -a. Calculate the highest common divisor of y and 13.
13
Let l = 311 + -276. Calculate the highest common divisor of l and 21.
7
Suppose 5*t + 4*q = 966, 5*t - 3*q - 1154 + 216 = 0. Let u(p) = p + 17. Let r be u(-7). What is the highest common divisor of t and r?
10
Let r(w) = 296*w - 66. Let n be r(5). Calculate the greatest common divisor of 101 and n.
101
Let p be (-12)/(-10)*(-1025)/(-15). Let d be (-1)/(-3)*1107/3. What is the highest common divisor of p and d?
41
Let j(x) = -13*x - 5. Let z(d) = d. Let c(l) = -3*j(l) - 12*z(l). Let f be c(13). Suppose -f = -5*y + 74. Calculate the greatest common factor of y and 8.
8
Suppose -8*q + 4*q + 96 = 0. Suppose -6*h + 96 = q. Let l = -270 - -378. Calculate the greatest common divisor of l and h.
12
Suppose 0 = -2*x - 3*v + 35, -4*v = 5 + 7. Let j be (-352)/((-8)/4) + 0. What is the greatest common factor of x and j?
22
Let i(h) = -4 - 144*h**3 + 2*h + 6 - 56*h**3. Let j be i(-1). Calculate the greatest common divisor of j and 25.
25
Suppose -7*g + 1503 = 131. Suppose z - g = 6*m - 9*m, 3*m = -2*z + 194. Calculate the highest common factor of 330 and m.
66
Let z = 527 + -516. What is the greatest common divisor of 99 and z?
11
Let k = -26 - -29. Suppose 5*i - 2*m = -6*m + 44, 37 = 5*i - k*m. What is the highest common divisor of 72 and i?
8
Suppose 0 = -5*y + 2*x - x + 261, -5*y = 5*x - 255. Suppose -11 = -3*q + y. Let z be 15 - (-1 + 1 - -1). What is the highest common factor of q and z?
7
Let m be (-1705)/(-7 - -2) + 4. What is the greatest common factor of m and 138?
69
Let l(c) = -c**3 + 29*c**2 + 60*c + 72. Let k be l(31). Calculate the highest common divisor of k and 6.
2
Let g = 67 - 57. Let i(h) = h + 2. Let k be i(g). What is the greatest common divisor of 36 and k?
12
Let y be (-1138)/(-3) + 2 + 48/(-36). What is the greatest common divisor of y and 20?
20
Suppose 3*w - o + 3 - 9 = 0, 2*w + 2*o = 4. Calculate the greatest common divisor of w and 82.
2
Let i(a) = 4*a**2 + 7*a + 6. Let b be i(-4). Let o be (4/(16/3))/((-10)/(-840)). What is the greatest common divisor of b and o?
21
Let u be 3*2 + (-6)/6. Suppose 4*x + 260 = 4*w - 0*w, u*x - 203 = -3*w. Suppose 4*v - 265 = -89. What is the highest common divisor of v and w?
22
Suppose -27 = -3*a - 10*b + 13*b, 2*a = b + 19. Let s = -19 + 109. What is the highest common divisor of a and s?
10
Let q be 4 + 2/(-1) + (-5)/(-1). Let t be ((q - 5) + 5)*1. Calculate the highest common divisor of t and 77.
7
Suppose 2*t - t + 637 = 4*g, -3*t = 2*g - 315. Let k = -51 + g. Suppose 3*m - 79 = 4*i + 18, -i + 77 = 3*m. Calculate the highest common factor of m and k.
27
Let y(m) = 87*m**2 - 20*m + 19. Let b be y(1). Calculate the greatest common factor of b and 129.
43
Suppose -7762 = -12*y + 23678. Calculate the greatest common factor of 20 and y.
20
Suppose 2*w = -6*w + 88. Let f = -116 - -215. Calculate the greatest common divisor of f and w.
11
Suppose 0 = 14*a - 1546 + 286. Let f = -18 + a. What is the highest common factor of 9 and f?
9
Let o(l) = -6*l + 2. Let i be o(-1). Calculate the highest common divisor of i and 248.
8
Suppose 22 = 4*p + r, 3*r + 0*r = -4*p + 26. Suppose -p*i + 9 = f - 7*i, 0 = -3*f + 3*i + 21. Calculate the greatest common factor of f and 35.
5
Suppose -8*g + 19*g = 55. Let x(b) = -b**2 + 4*b + 5. Let v be x(4). Calculate the highest common divisor of g and v.
5
Let c = 628 + -547. What is the highest common divisor of c and 135?
27
Let a be (3 - 6)/((-1)/(-3)). Suppose 2*y + 3 = 1. Let r be (-6 - a)/(y/(-4)). What is the highest common divisor of 18 and r?
6
Suppose -19*o - 4*a = -17*o - 116, -2*a = -2*o + 110. Calculate the highest common divisor of 84 and o.
28
Let t = 1210 + -963. Calculate the greatest common factor of 152 and t.
19
Suppose 2*k = 3*k - 4, 4*f - 5*k - 4 = 0. Let q = -10671 + 10687. Calculate the highest common factor of q and f.
2
Let z(y) = 3*y + 3. Let q(i) = -5*i - 5. Let t(w) = 4*q(w) + 7*z(w). Suppose 2*m + 6 - 24 = 0. Let d be t(m). What is the greatest common divisor of 5 and d?
5
Let j be 96 + (0 - -1) - -2. What is the highest common factor of 66 and j?
33
Suppose -531 = 6*i - 7*i. Calculate the greatest common factor of i and 59.
59
Suppose 0 = s - 6*s. Suppose -4*h = -2*a - 32 - 8, h - 2*a - 4 = s. What is the highest common divisor of h and 18?
6
Let x(b) = 19*b**2 + b - 1. Let u(f) = f**2 + 16*f - 4. Let w be u(-15). Let a = w - -20. Let i be x(a). Calculate the greatest common divisor of 57 and i.
19
Let y = 196 + -187. Calculate the highest common factor of 9 and y.
9
Let a be (-4)/1 - (15 - -75). Let v = 166 + a. What is the greatest common divisor of 9 and v?
9
Let c = 65 - 31. Suppose -4*z = -15*z + 1496. What is the greatest common factor of c and z?
34
Suppose 13*q - 144 = 9*q. Let u be 12/q - (-2374)/6. What is the highest common divisor of u and 44?
44
Let j be -1 - (-7 - (-3 + 0)). Let n be 2 + (-2)/j*3. Suppose n = -5*b + 27 + 18. Calculate the highest common divisor of b and 99.
9
Let r(p) = 9*p + 9. Let m(i) = 4*i + 4. Let l(q) = 7*m(q) - 3*r(q). Let b be l(4). Calculate the highest common divisor of 25 and b.
5
Let b(n) = -14*n - 91. Let c be b(-7). Calculate the greatest common divisor of c and 28.
7
Let z = 26 + -6. What is the greatest common factor of z and 220?
20
Let k = -62 + 104. Calculate the greatest common factor of 14 and k.
14
Suppose -3*y + 6*y - 3 = 0. Let r = y - -3. Calculate the greatest common factor of 52 and r.
4
Let g(y) = -y**2 + y + 54. Let m be g(5). What is the highest common factor of m and 136?
34
Suppose -2*q - 3*s + 10 = -s, -3*s = q + 3. What is the highest common divisor of q and 63?
9
Suppose 0 = -23*m + 20*m + 441. Let v = m + -129. What is the highest common factor of v and 90?
18
Suppose -1692 = -12*p + 504. What is the greatest common factor of p and 305?
61
Suppose -3*n = 3*v - 21, 4*n - 5*v - 46 = -0*v. Suppose -34*b = -30*b - 72. What is the greatest common factor of b and n?
9
Let t(b) = 7*b - b**3 - 12*b + 5*b + 18*b**2 + 12. Let h be t(18). What is the highest common divisor of 108 and h?
12
Let t be (-26672)/(-18) + 14/63. Calculate the greatest common factor of t and 57.
57
Let c(t) = -10*t - 8. Let i be c(-1). Suppose -i*q + 6*q - 168 = 0. Calculate the highest common factor of q and 63.
21
Let q(n) = 27*n**3 - 5*n**2 - 2*n + 3. Let j be q(4). Suppose 0 = -20*k - 683 + j. What is the greatest common divisor of 18 and k?
6
Let t be (-2)/6 + 50/6. Suppose 10*l = 636 + 84. What is the greatest common factor of t and l?
8
Let c = 16 - -20. What is the greatest common divisor of c and 108?
36
Suppose 17 = -q - 77. Let s = q - -137. Let j = s - 29. What is the greatest common factor of j and 21?
7
Suppose 2*f = 4, 0*l = l - 2*f + 3. Let u be (0 - l)*(-12 - -12). Suppose -46 = -y - 4*n, -3*n - 18 = -y - u*n. What is the highest common factor of 10 and y?
10
Suppose -14 = 3*h + 7. Let m(x) = x**2 + 2. Let n be m(h). Let y = n - 35. What is the highest common divisor of y and 2?
2
Let j = -22 - -30. Suppose -15 = -11*m + j*m. What is the highest common divisor of m and 30?
5
Let v(k) = k**3 + 6*k**2 - 9*k + 2. Let m = -15 + 8. Let i be v(m). What is the highest common divisor of 128 and i?
16
Suppose 4*r = -3*d + 113, 5*r = 3*d - 20 - 75. Calculate the highest common divisor of d and 21.
7
Suppose -2*j + 9 = 5. Suppose -j*l = -2*p + 2*l, p - l = 5. What is the greatest common divisor of 2 and p?
2
Let v(y) = -2*y + 11. Let o be v(-5). Calculate the highest common factor of 14 and o.
7
Let p be (-27)/(-18) - (-3 + 4060/(-8)). Calculate the highest common divisor of p and 16.
16
Let c(z) = z**2 + z - 4. Let m = 17 - 23. Let u be 78/18 - (-2)/m. Let i be c(u). What is the greatest common factor of i and 2?
2
Suppose 12*o - 15*o = 3, 0 = 5*j - 2*o - 497. Calculate the greatest common divisor of j and 6.
3
Suppose -p - v = 2*p + 178, 4*p + v =